{"id":48183,"date":"2023-07-22T15:40:00","date_gmt":"2023-07-22T15:40:00","guid":{"rendered":"https:\/\/www.deleage.com\/store\/?post_type=product&#038;p=48183"},"modified":"2024-02-17T07:41:18","modified_gmt":"2024-02-17T07:41:18","slug":"kit-grille-design-expo-horizontale","status":"publish","type":"product","link":"https:\/\/www.stratallhub.com\/store\/produit\/kit-grille-design-expo-horizontale\/","title":{"rendered":"Expo photo GRILLE D&rsquo;EXPOSITION horizontale modulable"},"content":{"rendered":"<div id='av_section_1'  class='avia-section av-av_section-8118409a20acebe2a1adc166152dd0c5 main_color avia-section-default avia-no-border-styling  avia-builder-el-0  el_before_av_section  avia-builder-el-first  avia-bg-style-scroll container_wrap fullsize'  ><div class='container av-section-cont-open' ><main  role=\"main\" itemprop=\"mainContentOfPage\"  class='template-page content  av-content-full alpha units'><div class='post-entry post-entry-type-page post-entry-48183'><div class='entry-content-wrapper clearfix'><div  class='flex_column av-av_one_full-2a9015ff38129c418a3f2eafba3e9512 av_one_full first flex_column_div  '     ><section  class='av_textblock_section av-av_textblock-18ec860c7e07088d2c0a993b614e8019 '   itemscope=\"itemscope\" itemtype=\"https:\/\/schema.org\/CreativeWork\" ><div class='avia_textblock'  itemprop=\"text\" ><h2 style='text-align: center;'>Nos derni\u00e8res r\u00e9alisations<\/h2>\n<\/div><\/section><\/p><\/div>\n<\/div><\/div><\/main><!-- close content main element --><\/div><\/div>\n<style type=\"text\/css\" data-created_by=\"avia_inline_auto\" id=\"style-css-av-8nvvu9-cdd4c4a322f9273cc389c846eab2b8c8\">\n.avia-section.av-8nvvu9-cdd4c4a322f9273cc389c846eab2b8c8{\nbackground-color:#000000;\nbackground-image:unset;\n}\n<\/style>\n<div id='av_section_2'  class='avia-section av-8nvvu9-cdd4c4a322f9273cc389c846eab2b8c8 main_color avia-section-default avia-no-border-styling  avia-builder-el-2  el_after_av_section  el_before_av_section  avia-bg-style-scroll av-minimum-height av-minimum-height-custom av-height-custom  container_wrap fullsize'   data-av_minimum_height_px='350'><div class='container av-section-cont-open' style='height:350px'><div class='template-page content  av-content-full alpha units'><div class='post-entry post-entry-type-page post-entry-48183'><div class='entry-content-wrapper clearfix'>\n<div class='flex_column_table av-296axox-88c221912d4ff4ec90a3bf8cb6e9a758 sc-av_one_half av-equal-height-column-flextable'>\n<style type=\"text\/css\" data-created_by=\"avia_inline_auto\" id=\"style-css-av-296axox-88c221912d4ff4ec90a3bf8cb6e9a758\">\n.flex_column.av-296axox-88c221912d4ff4ec90a3bf8cb6e9a758{\nborder-radius:0px 0px 0px 0px;\npadding:20px 0px 15px 0px;\n}\n<\/style>\n<div  class='flex_column av-296axox-88c221912d4ff4ec90a3bf8cb6e9a758 av_one_half  avia-builder-el-3  avia-builder-el-no-sibling  first flex_column_table_cell av-equal-height-column av-align-top  '     ><style type=\"text\/css\" data-created_by=\"avia_inline_auto\" id=\"style-css-av-1sivpu9-c5906c13ef448fccf0de3e8aa3e57f3c\">\n#top .av_textblock_section.av-1sivpu9-c5906c13ef448fccf0de3e8aa3e57f3c .avia_textblock{\ncolor:#ffffff;\n}\n<\/style>\n<section  class='av_textblock_section av-1sivpu9-c5906c13ef448fccf0de3e8aa3e57f3c '   itemscope=\"itemscope\" itemtype=\"https:\/\/schema.org\/CreativeWork\" ><div class='avia_textblock av_inherit_color'  itemprop=\"text\" ><h2>Consultez notre e-catalogue expo<\/h2>\n<p>Avec notre gamme ZIG-ZAG\u00ae, cr\u00e9ez votre espace exposition sur-mesure. D\u00e9couvrez notre offre in\u00e9dite de panneaux et cloisons d\u2019affichage.<\/p>\n<p>Expositions ext\u00e9rieures avec le ZIG ZAG tout-terrain, expositions urbaines, expositions suspendues, expositions en volume, expositions au sol ou murales, concevez l\u2019exposition qui vous correspond.<\/p>\n<p>Les exemples pr\u00e9sents dans notre catalogue vous donneront un aper\u00e7u des possibilit\u00e9s de nos panneaux et cloisons d\u2019affichage d\u00e9j\u00e0 r\u00e9alis\u00e9es pour nos clients. &#8230;<\/p>\n<\/div><\/section><br \/>\n<div  class='avia-button-wrap av-11c7dn5-49d60d2b2707a6dfcabb12602b00bd3f-wrap avia-button-left  avia-builder-el-4  avia-builder-el-no-sibling '>\n<style type=\"text\/css\" data-created_by=\"avia_inline_auto\" id=\"style-css-av-11c7dn5-49d60d2b2707a6dfcabb12602b00bd3f\">\n#top #wrap_all .avia-button.av-11c7dn5-49d60d2b2707a6dfcabb12602b00bd3f{\nbackground-color:#ffffff;\nborder-color:#ffffff;\ncolor:#000000;\ntransition:all 0.4s ease-in-out;\n}\n#top #wrap_all .avia-button.av-11c7dn5-49d60d2b2707a6dfcabb12602b00bd3f .avia-svg-icon svg:first-child{\nfill:#000000;\nstroke:#000000;\n}\n<\/style>\n<a href='https:\/\/www.stratallhub.com\/store\/wp-content\/uploads\/2020\/11\/Plaquette-BD-Expo-2019.pdf'  class='avia-button av-11c7dn5-49d60d2b2707a6dfcabb12602b00bd3f av-link-btn avia-icon_select-no avia-size-large avia-position-left'  target=\"_blank\"  rel=\"noopener noreferrer\"  aria-label=\"T\u00c9L\u00c9CHARGER \"><span class='avia_iconbox_title' >T\u00c9L\u00c9CHARGER <\/span><\/a><\/div><\/p><\/div><\/div><!--close column table wrapper. Autoclose: 1 --><div class='flex_column_table av-u4bo35-503827702d10958ff9666ded2ce1449f sc-av_one_half av-equal-height-column-flextable'><div class='av-flex-placeholder'><\/div>\n<style type=\"text\/css\" data-created_by=\"avia_inline_auto\" id=\"style-css-av-u4bo35-503827702d10958ff9666ded2ce1449f\">\n.flex_column.av-u4bo35-503827702d10958ff9666ded2ce1449f{\nborder-radius:0px 0px 0px 0px;\npadding:0px 0px 0px 0px;\nbackground:url(https:\/\/www.stratallhub.com\/store\/wp-content\/uploads\/2019\/07\/Exponewbis.png) 100% 100% no-repeat scroll ;\n}\n<\/style>\n<div  class='flex_column av-u4bo35-503827702d10958ff9666ded2ce1449f av_one_half flex_column_table_cell av-equal-height-column av-align-top av-zero-column-padding  '     ><\/div><\/div><!--close column table wrapper. Autoclose: 1 -->\n\n","protected":false},"excerpt":{"rendered":"","protected":false},"featured_media":49644,"comment_status":"closed","ping_status":"closed","template":"","meta":{"_acf_changed":false},"product_brand":[],"product_cat":[97,347],"product_tag":[],"class_list":{"0":"post-48183","1":"product","2":"type-product","3":"status-publish","4":"has-post-thumbnail","6":"product_cat-accueil","7":"product_cat-grille-dexposition","8":"product_shipping_class-sur-devis","10":"first","11":"instock","12":"taxable","13":"shipping-taxable","14":"purchasable","15":"product-type-variable","16":"has-default-attributes"},"acf":[],"yoast_head":"<!-- This site is optimized with the Yoast SEO plugin v27.2 - https:\/\/yoast.com\/product\/yoast-seo-wordpress\/ -->\n<title>Grille d&#039;exposition photo - type Caddie - Store Del\u00e9age<\/title>\n<meta name=\"description\" content=\"La GRILLE EXPO PHOTO vous offre une solution \u00e0 la fois design et modulable pour r\u00e9aliser votre prochaine exposition de photos, variante de la grille Caddie.\" \/>\n<meta name=\"robots\" content=\"noindex, follow, max-snippet:-1, max-image-preview:large, max-video-preview:-1\" \/>\n<meta property=\"og:locale\" content=\"fr_FR\" \/>\n<meta property=\"og:type\" content=\"article\" \/>\n<meta property=\"og:title\" content=\"Grille d&#039;exposition photo - type Caddie - Store Del\u00e9age\" \/>\n<meta property=\"og:description\" content=\"La GRILLE EXPO PHOTO vous offre une solution \u00e0 la fois design et modulable pour r\u00e9aliser votre prochaine exposition de photos, variante de la grille Caddie.\" \/>\n<meta property=\"og:url\" content=\"https:\/\/www.stratallhub.com\/store\/produit\/kit-grille-design-expo-horizontale\/\" \/>\n<meta property=\"og:site_name\" content=\"Store Del\u00e9age\" \/>\n<meta property=\"article:publisher\" content=\"http:\/\/facebook.com\/deleageexpansion\" \/>\n<meta property=\"article:modified_time\" content=\"2024-02-17T07:41:18+00:00\" \/>\n<meta property=\"og:image\" content=\"https:\/\/www.stratallhub.com\/store\/wp-content\/uploads\/2022\/11\/grille-expo-photo-horizontale-200x250-cadres-det-2.jpg\" \/>\n\t<meta property=\"og:image:width\" content=\"1200\" \/>\n\t<meta property=\"og:image:height\" content=\"1200\" \/>\n\t<meta property=\"og:image:type\" content=\"image\/jpeg\" \/>\n<meta name=\"twitter:card\" content=\"summary_large_image\" \/>\n<meta name=\"twitter:label1\" content=\"Dur\u00e9e de lecture estim\u00e9e\" \/>\n\t<meta name=\"twitter:data1\" content=\"12 minutes\" \/>\n<script type=\"application\/ld+json\" class=\"yoast-schema-graph\">{\"@context\":\"https:\/\/schema.org\",\"@graph\":[{\"@type\":\"WebPage\",\"@id\":\"https:\/\/www.stratallhub.com\/store\/produit\/kit-grille-design-expo-horizontale\/\",\"url\":\"https:\/\/www.stratallhub.com\/store\/produit\/kit-grille-design-expo-horizontale\/\",\"name\":\"Grille d'exposition photo - type Caddie - Store Del\u00e9age\",\"isPartOf\":{\"@id\":\"https:\/\/www.stratallhub.com\/store\/#website\"},\"primaryImageOfPage\":{\"@id\":\"https:\/\/www.stratallhub.com\/store\/produit\/kit-grille-design-expo-horizontale\/#primaryimage\"},\"image\":{\"@id\":\"https:\/\/www.stratallhub.com\/store\/produit\/kit-grille-design-expo-horizontale\/#primaryimage\"},\"thumbnailUrl\":\"https:\/\/www.stratallhub.com\/store\/wp-content\/uploads\/2022\/11\/grille-expo-photo-horizontale-200x250-cadres-det-2.jpg\",\"datePublished\":\"2023-07-22T15:40:00+00:00\",\"dateModified\":\"2024-02-17T07:41:18+00:00\",\"description\":\"La GRILLE EXPO PHOTO vous offre une solution \u00e0 la fois design et modulable pour r\u00e9aliser votre prochaine exposition de photos, variante de la grille Caddie.\",\"breadcrumb\":{\"@id\":\"https:\/\/www.stratallhub.com\/store\/produit\/kit-grille-design-expo-horizontale\/#breadcrumb\"},\"inLanguage\":\"fr-FR\",\"potentialAction\":[{\"@type\":\"ReadAction\",\"target\":[\"https:\/\/www.stratallhub.com\/store\/produit\/kit-grille-design-expo-horizontale\/\"]}]},{\"@type\":\"ImageObject\",\"inLanguage\":\"fr-FR\",\"@id\":\"https:\/\/www.stratallhub.com\/store\/produit\/kit-grille-design-expo-horizontale\/#primaryimage\",\"url\":\"https:\/\/www.stratallhub.com\/store\/wp-content\/uploads\/2022\/11\/grille-expo-photo-horizontale-200x250-cadres-det-2.jpg\",\"contentUrl\":\"https:\/\/www.stratallhub.com\/store\/wp-content\/uploads\/2022\/11\/grille-expo-photo-horizontale-200x250-cadres-det-2.jpg\",\"width\":1200,\"height\":1200,\"caption\":\"GRILLE EXPO PHOTO 2 m avec tableaux\"},{\"@type\":\"WebSite\",\"@id\":\"https:\/\/www.stratallhub.com\/store\/#website\",\"url\":\"https:\/\/www.stratallhub.com\/store\/\",\"name\":\"Store Del\u00e9age\",\"description\":\"Just another WordPress site\",\"publisher\":{\"@id\":\"https:\/\/www.stratallhub.com\/store\/#organization\"},\"potentialAction\":[{\"@type\":\"SearchAction\",\"target\":{\"@type\":\"EntryPoint\",\"urlTemplate\":\"https:\/\/www.stratallhub.com\/store\/?s={search_term_string}\"},\"query-input\":{\"@type\":\"PropertyValueSpecification\",\"valueRequired\":true,\"valueName\":\"search_term_string\"}}],\"inLanguage\":\"fr-FR\"},{\"@type\":\"Organization\",\"@id\":\"https:\/\/www.stratallhub.com\/store\/#organization\",\"name\":\"Del\u00e9age Expansion\",\"url\":\"https:\/\/www.stratallhub.com\/store\/\",\"logo\":{\"@type\":\"ImageObject\",\"inLanguage\":\"fr-FR\",\"@id\":\"https:\/\/www.stratallhub.com\/store\/#\/schema\/logo\/image\/\",\"url\":\"https:\/\/www.deleage.com\/store\/wp-content\/uploads\/2018\/04\/logo-violet.png\",\"contentUrl\":\"https:\/\/www.deleage.com\/store\/wp-content\/uploads\/2018\/04\/logo-violet.png\",\"width\":316,\"height\":275,\"caption\":\"Del\u00e9age Expansion\"},\"image\":{\"@id\":\"https:\/\/www.stratallhub.com\/store\/#\/schema\/logo\/image\/\"},\"sameAs\":[\"http:\/\/facebook.com\/deleageexpansion\"]}]}<\/script>\n<!-- \/ Yoast SEO plugin. -->","yoast_head_json":{"title":"Grille d'exposition photo - type Caddie - Store Del\u00e9age","description":"La GRILLE EXPO PHOTO vous offre une solution \u00e0 la fois design et modulable pour r\u00e9aliser votre prochaine exposition de photos, variante de la grille Caddie.","robots":{"index":"noindex","follow":"follow","max-snippet":"max-snippet:-1","max-image-preview":"max-image-preview:large","max-video-preview":"max-video-preview:-1"},"og_locale":"fr_FR","og_type":"article","og_title":"Grille d'exposition photo - type Caddie - Store Del\u00e9age","og_description":"La GRILLE EXPO PHOTO vous offre une solution \u00e0 la fois design et modulable pour r\u00e9aliser votre prochaine exposition de photos, variante de la grille Caddie.","og_url":"https:\/\/www.stratallhub.com\/store\/produit\/kit-grille-design-expo-horizontale\/","og_site_name":"Store Del\u00e9age","article_publisher":"http:\/\/facebook.com\/deleageexpansion","article_modified_time":"2024-02-17T07:41:18+00:00","og_image":[{"width":1200,"height":1200,"url":"https:\/\/www.stratallhub.com\/store\/wp-content\/uploads\/2022\/11\/grille-expo-photo-horizontale-200x250-cadres-det-2.jpg","type":"image\/jpeg"}],"twitter_card":"summary_large_image","twitter_misc":{"Dur\u00e9e de lecture estim\u00e9e":"12 minutes"},"schema":{"@context":"https:\/\/schema.org","@graph":[{"@type":"WebPage","@id":"https:\/\/www.stratallhub.com\/store\/produit\/kit-grille-design-expo-horizontale\/","url":"https:\/\/www.stratallhub.com\/store\/produit\/kit-grille-design-expo-horizontale\/","name":"Grille d'exposition photo - type Caddie - Store Del\u00e9age","isPartOf":{"@id":"https:\/\/www.stratallhub.com\/store\/#website"},"primaryImageOfPage":{"@id":"https:\/\/www.stratallhub.com\/store\/produit\/kit-grille-design-expo-horizontale\/#primaryimage"},"image":{"@id":"https:\/\/www.stratallhub.com\/store\/produit\/kit-grille-design-expo-horizontale\/#primaryimage"},"thumbnailUrl":"https:\/\/www.stratallhub.com\/store\/wp-content\/uploads\/2022\/11\/grille-expo-photo-horizontale-200x250-cadres-det-2.jpg","datePublished":"2023-07-22T15:40:00+00:00","dateModified":"2024-02-17T07:41:18+00:00","description":"La GRILLE EXPO PHOTO vous offre une solution \u00e0 la fois design et modulable pour r\u00e9aliser votre prochaine exposition de photos, variante de la grille Caddie.","breadcrumb":{"@id":"https:\/\/www.stratallhub.com\/store\/produit\/kit-grille-design-expo-horizontale\/#breadcrumb"},"inLanguage":"fr-FR","potentialAction":[{"@type":"ReadAction","target":["https:\/\/www.stratallhub.com\/store\/produit\/kit-grille-design-expo-horizontale\/"]}]},{"@type":"ImageObject","inLanguage":"fr-FR","@id":"https:\/\/www.stratallhub.com\/store\/produit\/kit-grille-design-expo-horizontale\/#primaryimage","url":"https:\/\/www.stratallhub.com\/store\/wp-content\/uploads\/2022\/11\/grille-expo-photo-horizontale-200x250-cadres-det-2.jpg","contentUrl":"https:\/\/www.stratallhub.com\/store\/wp-content\/uploads\/2022\/11\/grille-expo-photo-horizontale-200x250-cadres-det-2.jpg","width":1200,"height":1200,"caption":"GRILLE EXPO PHOTO 2 m avec tableaux"},{"@type":"WebSite","@id":"https:\/\/www.stratallhub.com\/store\/#website","url":"https:\/\/www.stratallhub.com\/store\/","name":"Store Del\u00e9age","description":"Just another WordPress site","publisher":{"@id":"https:\/\/www.stratallhub.com\/store\/#organization"},"potentialAction":[{"@type":"SearchAction","target":{"@type":"EntryPoint","urlTemplate":"https:\/\/www.stratallhub.com\/store\/?s={search_term_string}"},"query-input":{"@type":"PropertyValueSpecification","valueRequired":true,"valueName":"search_term_string"}}],"inLanguage":"fr-FR"},{"@type":"Organization","@id":"https:\/\/www.stratallhub.com\/store\/#organization","name":"Del\u00e9age Expansion","url":"https:\/\/www.stratallhub.com\/store\/","logo":{"@type":"ImageObject","inLanguage":"fr-FR","@id":"https:\/\/www.stratallhub.com\/store\/#\/schema\/logo\/image\/","url":"https:\/\/www.deleage.com\/store\/wp-content\/uploads\/2018\/04\/logo-violet.png","contentUrl":"https:\/\/www.deleage.com\/store\/wp-content\/uploads\/2018\/04\/logo-violet.png","width":316,"height":275,"caption":"Del\u00e9age Expansion"},"image":{"@id":"https:\/\/www.stratallhub.com\/store\/#\/schema\/logo\/image\/"},"sameAs":["http:\/\/facebook.com\/deleageexpansion"]}]}},"wcpa_form_fields":null,"_links":{"self":[{"href":"https:\/\/www.stratallhub.com\/store\/wp-json\/wp\/v2\/product\/48183","targetHints":{"allow":["GET"]}}],"collection":[{"href":"https:\/\/www.stratallhub.com\/store\/wp-json\/wp\/v2\/product"}],"about":[{"href":"https:\/\/www.stratallhub.com\/store\/wp-json\/wp\/v2\/types\/product"}],"replies":[{"embeddable":true,"href":"https:\/\/www.stratallhub.com\/store\/wp-json\/wp\/v2\/comments?post=48183"}],"wp:featuredmedia":[{"embeddable":true,"href":"https:\/\/www.stratallhub.com\/store\/wp-json\/wp\/v2\/media\/49644"}],"wp:attachment":[{"href":"https:\/\/www.stratallhub.com\/store\/wp-json\/wp\/v2\/media?parent=48183"}],"wp:term":[{"taxonomy":"product_brand","embeddable":true,"href":"https:\/\/www.stratallhub.com\/store\/wp-json\/wp\/v2\/product_brand?post=48183"},{"taxonomy":"product_cat","embeddable":true,"href":"https:\/\/www.stratallhub.com\/store\/wp-json\/wp\/v2\/product_cat?post=48183"},{"taxonomy":"product_tag","embeddable":true,"href":"https:\/\/www.stratallhub.com\/store\/wp-json\/wp\/v2\/product_tag?post=48183"}],"curies":[{"name":"wp","href":"https:\/\/api.w.org\/{rel}","templated":true}]}}